{"id":17,"date":"2022-07-20T16:27:49","date_gmt":"2022-07-20T16:27:49","guid":{"rendered":"https:\/\/biodanzastockholm.com\/?page_id=17"},"modified":"2026-04-15T16:17:23","modified_gmt":"2026-04-15T16:17:23","slug":"beautiful-portfolios-for-exceptional-creatives","status":"publish","type":"page","link":"https:\/\/biodanzastockholm.com\/","title":{"rendered":"Uppt\u00e4ck gl\u00e4djen i att vara levande"},"content":{"rendered":"\n<p class=\"has-text-align-center\"><strong><br><\/strong><em><strong>BIODANZA \u00e4r en metod f\u00f6r personlig utveckling d\u00e4r musik, r\u00f6relse och m\u00e4nskliga m\u00f6ten hj\u00e4lper dig att \u00e5terknyta till dig sj\u00e4lv, andra och livet<\/strong>.<\/em><\/p>\n\n\n\n<div class=\"wp-block-group has-global-padding is-layout-constrained wp-block-group-is-layout-constrained\">\n<p class=\"has-text-align-center\">Biodanza \u00e4r ett system f\u00f6r m\u00e4nsklig utveckling med \u00f6ver 50 \u00e5rs erfarenhet.<br>Genom musik, r\u00f6relse och m\u00f6ten i grupp v\u00e4cker vi livsviktiga kvaliteter som gl\u00e4dje, harmoni och v\u00e4lbefinnande.<br>K\u00e4rnan i metoden \u00e4r vivencia \u2013 en direkt upplevelse i nuet som st\u00e4rker din k\u00e4nslom\u00e4ssiga integration och f\u00f6rdjupar kontakten med dig sj\u00e4lv, andra och livet.<br>Det \u00e4r en inbjudan att \u00e5teruppt\u00e4cka dig sj\u00e4lv och omfamna alla dina dimensioner: kropp, k\u00e4nslor, tanke och sj\u00e4l.<\/p>\n\n\n\n<p><\/p>\n<\/div>\n\n\n\n<div class=\"wp-block-group has-cyan-bluish-gray-background-color has-background is-layout-flow wp-block-group-is-layout-flow\">\n<div class=\"wp-block-columns is-layout-flex wp-container-core-columns-is-layout-28f84493 wp-block-columns-is-layout-flex\">\n<div class=\"wp-block-column is-vertically-aligned-center is-layout-flow wp-block-column-is-layout-flow\">\n<h2 class=\"wp-block-heading has-text-align-left\">F\u00f6r vem \u00e4r Biodanza<\/h2>\n\n\n\n<p>F\u00f6r dig som vill:<br>minska stress<br>k\u00e4nna mer gl\u00e4dje och energi<br>st\u00e4rka relationer<br>utvecklas som m\u00e4nniska<br>Inga f\u00f6rkunskaper eller dansvana kr\u00e4vs.<br>Alla \u00e4r v\u00e4lkomna.<\/p>\n\n\n\n<h2 class=\"wp-block-heading has-text-align-left\">Vad kan du uppleva?<\/h2>\n\n\n\n<p class=\"has-text-align-left\">\u00d6kad livsgl\u00e4dje och emotionell balans<\/p>\n\n\n\n<p class=\"has-text-align-left\">Starkare sj\u00e4lvk\u00e4nsla och trygghet<\/p>\n\n\n\n<p class=\"has-text-align-left\">Mindre stress och b\u00e4ttre s\u00f6mn<\/p>\n\n\n\n<p class=\"has-text-align-left\">Djupare kontakt med andra<\/p>\n\n\n\n<p class=\"has-text-align-left\"> Mer kreativitet och livskraft<\/p>\n\n\n\n<h2 class=\"wp-block-heading has-text-align-left\"><strong>Hur <\/strong>det g\u00e5r till?<\/h2>\n\n\n\n<p>Vi erbjuder:<br>-Veckoklasser<br>-Workshops<br>-Kurser och utbildningar<br>-Vi samarbetar \u00e4ven med f\u00f6retag, organisationer och skolor.<\/p>\n<\/div>\n\n\n\n<div class=\"wp-block-column is-layout-flow wp-block-column-is-layout-flow\">\n<div class=\"wp-block-cover alignwide is-light has-custom-content-position is-position-top-left\" style=\"min-height:671px;aspect-ratio:unset;\"><img loading=\"lazy\" decoding=\"async\" width=\"960\" height=\"540\" class=\"wp-block-cover__image-background wp-image-853 size-full\" alt=\"\" src=\"https:\/\/biodanzastockholm.com\/wp-content\/uploads\/2026\/03\/2021-08-15-15.jpg\" data-object-fit=\"cover\" srcset=\"https:\/\/biodanzastockholm.com\/wp-content\/uploads\/2026\/03\/2021-08-15-15.jpg 960w, https:\/\/biodanzastockholm.com\/wp-content\/uploads\/2026\/03\/2021-08-15-15-300x169.jpg 300w\" sizes=\"auto, (max-width: 960px) 100vw, 960px\" \/><span aria-hidden=\"true\" class=\"wp-block-cover__background has-background-dim\" style=\"background-color:#8a8585\"><\/span><div class=\"wp-block-cover__inner-container is-layout-flow wp-block-cover-is-layout-flow\">\n<p><\/p>\n<\/div><\/div>\n\n\n\n<div style=\"height:265px\" aria-hidden=\"true\" class=\"wp-block-spacer\"><\/div>\n<\/div>\n<\/div>\n<\/div>\n","protected":false},"excerpt":{"rendered":"<p>BIODANZA \u00e4r en metod f\u00f6r personlig utveckling d\u00e4r musik, r\u00f6relse och m\u00e4nskliga m\u00f6ten hj\u00e4lper dig att \u00e5terknyta till dig sj\u00e4lv, andra och livet. Biodanza \u00e4r ett system f\u00f6r m\u00e4nsklig utveckling med \u00f6ver 50 \u00e5rs erfarenhet.Genom musik, r\u00f6relse och m\u00f6ten i grupp v\u00e4cker vi livsviktiga kvaliteter som gl\u00e4dje, harmoni och v\u00e4lbefinnande.K\u00e4rnan i metoden \u00e4r vivencia \u2013 &hellip; <\/p>\n<p class=\"link-more\"><a href=\"https:\/\/biodanzastockholm.com\/\" class=\"more-link\">Read more<span class=\"screen-reader-text\"> &#8220;Uppt\u00e4ck gl\u00e4djen i att vara levande&#8221;<\/span><\/a><\/p>\n","protected":false},"author":1,"featured_media":198,"parent":0,"menu_order":0,"comment_status":"closed","ping_status":"closed","template":"","meta":{"footnotes":""},"class_list":["post-17","page","type-page","status-publish","has-post-thumbnail","hentry"],"jetpack_sharing_enabled":true,"_links":{"self":[{"href":"https:\/\/biodanzastockholm.com\/index.php\/wp-json\/wp\/v2\/pages\/17","targetHints":{"allow":["GET"]}}],"collection":[{"href":"https:\/\/biodanzastockholm.com\/index.php\/wp-json\/wp\/v2\/pages"}],"about":[{"href":"https:\/\/biodanzastockholm.com\/index.php\/wp-json\/wp\/v2\/types\/page"}],"author":[{"embeddable":true,"href":"https:\/\/biodanzastockholm.com\/index.php\/wp-json\/wp\/v2\/users\/1"}],"replies":[{"embeddable":true,"href":"https:\/\/biodanzastockholm.com\/index.php\/wp-json\/wp\/v2\/comments?post=17"}],"version-history":[{"count":91,"href":"https:\/\/biodanzastockholm.com\/index.php\/wp-json\/wp\/v2\/pages\/17\/revisions"}],"predecessor-version":[{"id":916,"href":"https:\/\/biodanzastockholm.com\/index.php\/wp-json\/wp\/v2\/pages\/17\/revisions\/916"}],"wp:featuredmedia":[{"embeddable":true,"href":"https:\/\/biodanzastockholm.com\/index.php\/wp-json\/wp\/v2\/media\/198"}],"wp:attachment":[{"href":"https:\/\/biodanzastockholm.com\/index.php\/wp-json\/wp\/v2\/media?parent=17"}],"curies":[{"name":"wp","href":"https:\/\/api.w.org\/{rel}","templated":true}]}}